**2 + 1. Is o(x) prime?
False
Let h(o) = -o**2 + 6*o + 1. Let m be h(6). Suppose 0 = 2*q - 5 - m. Suppose q*v - 161 = -32. Is v a prime number?
True
Let u = 2 - -1. Let p be (-17)/(u + 38/(-12)). Suppose p = 2*b + 10. Is b a prime number?
False
Suppose -9*s - 249 = -12*s. Is s a composite number?
False
Let j(l) = 6*l - 3. Let y(u) = -7*u. Let d(w) = w - 1. Let s(b) = 5*d(b) + y(b). Let x be s(-6). Is j(x) a prime number?
False
Let f(i) = 2*i - 1. Suppose -2 - 2 = -2*w. Let b be f(w). Let y = b - -10. Is y prime?
True
Let b = 0 - -3. Suppose 3*u + 2290 = u - 2*x, b*x = -4*u - 4575. Is (-1)/(-3) + u/(-9) prime?
True
Suppose -4*q - 1593 = -9*q - y, -q + 313 = 3*y. Is q prime?
False
Let g(o) = -o**2 + 4*o. Let x be g(6). Let z be (-3)/(-2)*(-496)/x. Suppose v - z = -v. Is v prime?
True
Let g(n) = n**3 + n + 58. Let o(c) = -c**2 - 11*c - 10. Let p be o(-10). Is g(p) a prime number?
False
Let c = -1 + 1. Suppose c = 3*o - 45 - 222. Is o a composite number?
False
Let i(u) be the third derivative of -u**5/60 + 7*u**4/24 + u**3/3 + u**2. Let y be i(6). Suppose 775 = y*p - 3*p. Is p a composite number?
True
Suppose -2 = 2*r, -5*y + 4 = 3*r - 28. Suppose -5 + y = 2*p. Suppose 2*o + 3*o = z + 7, -p = -z + o. Is z composite?
False
Suppose 5*s - 6 = -2*m, 0 = -5*m - 2*s - 0*s - 6. Let k = m - -6. Is k/(-18) + (-1545)/(-27) a composite number?
True
Suppose -86 = -f - 9. Suppose -3*b - 2*d = -87, -4*d - d = -2*b + f. Is b a composite number?
False
Let o be -1*5*(-3 - -2). Suppose 0 = -2*s + 4*f + 6, o*f + 6 = -5*s + 96. Is s composite?
False
Suppose 2*j = -q + 4 + 6, 2*q - 2 = 5*j. Suppose 0 = 5*a + 4*w - 2721, w = -0 - 1. Suppose f + a = q*f. Is f a composite number?
False
Let o = 326 + 1401. Is o a composite number?
True
Let u(h) = h - 3. Let y be u(-3). Let o(g) = -g**3 - 5*g**2 + 7*g + 7. Let t be o(y). Suppose t = -f + 40. Is f prime?
False
Suppose -40 = -3*d - d. Let g be (6/(-5))/(4/(-10)). Suppose -d = -g*p + 2. Is p composite?
True
Suppose -3*y + 8 = 2*q, y - 4*q = 5*y - 12. Suppose -43 = x + 3*g, -y*x + 6*x = 3*g - 172. Let o = 170 + x. Is o a prime number?
True
Let k be 1 + 2 + -1 - -29. Suppose 4*s - p = 34, 2*p - k = -6*s + 3*s. Let t(y) = -y**3 + 11*y**2 - 12*y - 7. Is t(s) a composite number?
False
Let k(f) = 7*f. Let q be (-8)/28 + (-16)/(-7). Let o = 5 - q. Is k(o) a prime number?
False
Suppose 4*o - 193 = -5*b, 2*o - 91 = -0*o + 3*b. Is o a composite number?
False
Suppose 0 = 3*n - 4*n + 1649. Is n a composite number?
True
Let o(i) = i**3 - i**2 - 6*i + 2. Let w be o(4). Suppose u = -w + 229. Is u a prime number?
False
Let k(p) = 68*p + 5. Let v be k(7). Suppose 5*x + 4*t - v = 0, 0 = -3*x + t - 46 + 338. Is x prime?
True
Suppose 5 = w + 3. Suppose -5*t + 246 = p + 3*p, -2*p = w*t - 100. Let k = 1 + t. Is k a composite number?
False
Let d = 8723 + -3672. Is d a composite number?
False
Suppose 16 = 4*n - 4. Let x(v) = v**2 - 4*v - 3. Let r be x(n). Suppose 0 = b + 3, -a + r*b + 36 = a. Is a composite?
True
Let k(y) = y**2 - 5. Suppose -6*o - 40 = -o. Is k(o) composite?
False
Suppose 0*i - 15 = -3*i. Suppose -3*j = y + j - 107, -i*y - j = -459. Is y a prime number?
False
Suppose -3*g + s + s = -807, -2*g + 537 = -s. Is g a composite number?
True
Let b be 3/(-1) - 15/(-3). Suppose 4*d = 5*c + 152, 3*c = 2*d + b*c - 70. Is d prime?
False
Let g(l) = l**2 - 5*l - 3. Let n be g(5). Is 2*(4548/(-8))/n prime?
True
Let c = 0 - 0. Suppose u - 91 = -c*u. Is u prime?
False
Is 4513/13 + (-8)/52 prime?
True
Let i(q) = -3*q**3 - 11*q**2 - 14*q + 5. Is i(-10) a prime number?
False
Let m = -3 - -6. Let j be (-4290)/m*(-18)/(-15). Is j/(-9) + 2/6 composite?
False
Suppose 3*o - i = 4*i + 1367, 2*i - 1339 = -3*o. Is o prime?
True
Suppose -4*x + 1207 = -213. Suppose 4*b - x = -0*b - 5*h, -4*h = 5*b - 455. Is b prime?
False
Let n be 4/6 - (-1676)/6. Let q = -66 - -115. Suppose -n = -5*j - 5*h, -2*h - 4 - q = -j. Is j a prime number?
False
Let q(v) = v**2 + 6*v - 1. Let t be q(-6). Let k(o) = 115*o**2 - o - 1. Is k(t) composite?
True
Let z = -7 + 7. Suppose u = -z*u + 89. Is u composite?
False
Let s be (-36531)/(-45) - (-2)/10. Suppose -13*h + 9*h + s = 0. Is h a prime number?
False
Let d = 402 - -221. Is d a composite number?
True
Let t(x) = 5*x**2 - 6*x - 10. Is t(-3) a prime number?
True
Suppose 4148 = 4*u + 464. Is u a composite number?
True
Suppose 3*k - 4 + 46 = 0. Let y(x) = x**2 + 4*x + 3. Let v be y(-4). Is (v/3)/((-2)/k) a composite number?
False
Suppose 0 = -9*y + 6*y + 9. Suppose 0*s + y*s = 0. Is 34 - ((-1 - s) + -2) composite?
False
Suppose -5*u + 5*v + 155 = 0, 4*v + 5 + 3 = 0. Let g = u + -16. Is g prime?
True
Let a(j) be the second derivative of -j**5/20 - j**4/4 + j**3/2 - 2*j**2 + j. Let k be a(-4). Suppose 2*p + h + 7 - 36 = k, -59 = -4*p - h. Is p a prime number?
False
Let f(p) = p**3 - 17*p - 5. Is f(8) a composite number?
True
Suppose -3*k - 5*t + 25 = 2*k, -8 = -2*k - 4*t. Suppose j - k*j + 115 = 0. Suppose -j = -0*z - z. Is z a composite number?
False
Let m = 967 + -576. Let y = -180 + m. Is y prime?
True
Suppose -116 = q - 2*q - u, -5*q = -5*u - 630. Suppose -2*g = -5*g + 3*w + 93, 3*w = 4*g - q. Let b = g - 9. Is b a composite number?
False
Suppose -2*g + 50 = 2*d, 5*d + 94 + 51 = 5*g. Let c be g/2*10/3. Let o = 64 - c. Is o a prime number?
True
Suppose 3*n = 2*q + 25, 0*q - 4*q = -n + 25. Suppose n*h - 1545 = -4*g, -4*g + g - 290 = -h. Is h a composite number?
True
Let n be (-6)/9 - 17/(-3). Let c = n + 0. Suppose 2*a - 2*k - 140 = 0, 2*a - a - c*k = 54. Is a prime?
False
Suppose -5*d - o + 6267 = o, 0 = -3*o + 3. Is d a prime number?
False
Suppose -2*n = 2, 4*m - n - 231 + 2 = 0. Is m prime?
False
Suppose 0 = -0*r + 4*r - 128. Let g = -19 + r. Is g a prime number?
True
Let h = 4441 - 1292. Is h composite?
True
Let o be (-182)/(-21) + (-4)/6. Suppose -o*h = -3*h - 290. Is h a prime number?
False
Let b(h) = 2*h**2 + 2*h - 2. Let r = 0 - 3. Let n be b(r). Let m = 3 + n. Is m a prime number?
True
Suppose 3*r - r - 4*k = -8, 20 = r + 4*k. Suppose r*z + 3*d - 146 = 0, -7*d = -3*z - 3*d + 97. Is z prime?
False
Let u(p) = 7*p**2 + 2*p**2 - 2*p - p**3 + 7 - p**2 + 0*p**2. Is u(6) composite?
False
Suppose 247*y = 244*y + 6999. Is y a prime number?
True
Suppose -4*y - 20 = -w - 3*w, -y - 15 = -3*w. Is -2 + -1 + y - -206 a prime number?
False
Suppose -2*s = -5 - 1. Suppose -2*p = 4*y - 196, 168 = 4*y - 2*p - s*p. Is y composite?
False
Suppose c - x + 6*x - 358 = 0, -4*c - 2*x = -1414. Is c a composite number?
False
Let b be 576/99 - 4/(-22). Suppose 0 = 3*h - i - 1334, b*h - 3*h = -4*i + 1309. Is h composite?
False
Suppose 0 = -3*o - 4*m + 2741, -m - 6046 + 1516 = -5*o. Is o a prime number?
True
Let b(s) = 375*s + 8. Is b(7) prime?
True
Suppose 0 = -4*c + 2*c + n + 1036, 5*n - 1024 = -2*c. Is c a prime number?
False
Suppose 0*b + 2*v - 6 = 3*b, -3*b - v + 3 = 0. Let l be (-12 + b)*(-18)/4. Suppose o = l - 1. Is o a prime number?
True
Let u = 10 + -5. Suppose 0 = -u*f + 3*d + 122, -f - 4*d = -0*d - 29. Is f composite?
True
Let h(k) = -k + 4. Let w be h(0). Let l(n) = 9 + 4*n**2 + 6*n**2 + 2*n - w*n**2 - 4*n**2. Is l(-8) composite?
True
Let k = -76 + 137. Suppose 2*m + g = k, 5*g - g = 2*m - 86. Is m composite?
True
Let d(j) = j**3 - 6*j**2 + 7*j - 7. Let z be (-2)/(-6) + 15/9. Suppose 3*p - 12 = m - 4*m, -20 = -4*p - z*m. Is d(p) prime?
False
Let p(h) = -38*h**3 + 2*h**2 + 2*h - 1. Let a be p(-2). Let d = a + -20. Is d prime?
False
Suppose 0 = -5*t + 345 + 965. Is t composite?
True
Let q(i) = i**2 + 5*i - 2. Let o be q(-5). Let n be 112/21*(-9)/o. Let d = -2 + n. Is d a prime number?
False
Suppose 0 = -0*i - 4*i. Let w(r) = -r**3 + r**2 + r + 51. Is w(i) a composite number?
True
Suppose -2*a + a + 43 = 0. Is a prime?
True
Let h(g) be the second derivative of -4*g**3/3 + 3*g**2 + 2*g. Is h(-5) a composite number?
True
Suppose -4*a - 658 = -2*n, 2*n - 7*a = -2*a + 663. Is n a prime number?
False
Let k be -3*(-9)/6*8. Suppose -2*j + k = -42. Is j prime?
False
Suppose 5*t = 2*s + 23, s = -5*t - s + 27. Suppose 0 = -t*f - 15, f - 10 = -4*k - f. Suppose 74 = 2*h + z - 0*z, -k*h = -3*z - 128. Is h a prime number?
False
Let b = 1290 + 71. Is b a composite number?
False
Suppose -w + 28 = 4*n + w, -2*w - 7 = -3*n. Suppose 4*p + 62 + 123 = q, -n*q = -2*p 